ber?
False
Is 19533887 prime?
False
Is 17066666 a composite number?
True
Is 263769491 prime?
True
Is 6322301 a prime number?
False
Is 1687915 composite?
True
Is 1336511 a composite number?
True
Is 3988211 composite?
True
Is 4081933 a composite number?
False
Is 382493 composite?
False
Is 41061389 composite?
False
Is 184391215 composite?
True
Is 88033141 a composite number?
True
Is 1031861 a prime number?
False
Is 125033 composite?
True
Is 1272235 composite?
True
Is 11100259 a composite number?
True
Is 6851261 prime?
True
Is 71617631 a composite number?
True
Is 769919 prime?
True
Is 211602689 a prime number?
False
Is 112819117 composite?
True
Is 337866827 a prime number?
True
Is 3301751 a prime number?
True
Is 17642459 a prime number?
False
Is 8110019 composite?
True
Is 474241 prime?
True
Is 494916937 a prime number?
False
Is 28802149 prime?
True
Is 19799 composite?
True
Is 12819251 a composite number?
True
Is 10252547 a composite number?
True
Is 105706747 composite?
True
Is 147339917 prime?
True
Is 252781337 composite?
False
Is 123341269 composite?
False
Is 2967373 a prime number?
True
Is 13062593 a composite number?
False
Is 14285179 a composite number?
True
Is 73650463 a prime number?
True
Is 585618181 composite?
False
Is 2284757 prime?
True
Is 9419923 a composite number?
False
Is 4461722 composite?
True
Is 4516871 a prime number?
False
Is 2022701 prime?
True
Is 1074647 prime?
False
Is 39635507 composite?
False
Is 1479774251 a prime number?
True
Is 38088395 a composite number?
True
Is 3221189 prime?
True
Is 128737363 composite?
False
Is 261252313 a composite number?
True
Is 4242547 composite?
False
Is 214374011 a composite number?
True
Is 33020551 prime?
False
Is 5682377 composite?
True
Is 2869333 composite?
True
Is 78730937 prime?
True
Is 8146067 a prime number?
True
Is 1715309 a composite number?
False
Is 15790171 prime?
True
Is 3374507 composite?
False
Is 1460129 composite?
True
Is 83583011 a prime number?
True
Is 4303199 a prime number?
True
Is 73613231 composite?
True
Is 105730343 composite?
False
Is 31501205 a composite number?
True
Is 760607 a prime number?
True
Is 403187601 a prime number?
False
Is 5667661 a composite number?
True
Is 19204529 a composite number?
True
Is 17669957 prime?
False
Is 114523817 a composite number?
False
Is 1057783 a prime number?
False
Is 25437989 prime?
False
Is 69607331 prime?
False
Is 1832927 prime?
True
Is 43309991 a prime number?
True
Is 1516282 a prime number?
False
Is 45247393 a prime number?
True
Is 100161641 prime?
False
Is 24788731 a prime number?
False
Is 1202911 a composite number?
True
Is 1337830709 a prime number?
True
Is 47382397 prime?
True
Is 18174329 prime?
False
Is 387397 a prime number?
True
Is 11044889 composite?
False
Is 34254043 prime?
False
Is 61891489 composite?
True
Is 40839143 a composite number?
False
Is 6936107 prime?
False
Is 7113899 a composite number?
True
Is 52243523 composite?
False
Is 276433 prime?
False
Is 235069907 a composite number?
False
Is 10299407 a composite number?
True
Is 276379709 composite?
False
Is 137415221 a prime number?
False
Is 4876699 a prime number?
False
Is 1724113 composite?
False
Is 6307489 a composite number?
False
Is 94420187 prime?
True
Is 35697211 a composite number?
True
Is 28937801 a prime number?
True
Is 14848151 prime?
True
Is 7028009 prime?
False
Is 9012442 composite?
True
Is 1351239 prime?
False
Is 101473766 a prime number?
False
Is 18860477 a composite number?
False
Is 7303111 a prime number?
True
Is 26488207 a prime number?
True
Is 19873481 composite?
False
Is 2750303 a composite number?
False
Is 83475421 prime?
True
Is 524844217 prime?
True
Is 51310151 prime?
True
Is 98227477 composite?
False
Is 16949417 a composite number?
False
Is 5323501 composite?
True
Is 1784417 prime?
False
Is 19482559 a composite number?
True
Is 3158347 a prime number?
False
Is 244963 prime?
False
Is 37616974 composite?
True
Is 2532043 composite?
True
Is 25463011 a composite number?
True
Is 2501753 a composite number?
True
Is 4195829 prime?
False
Is 41752603 a prime number?
False
Is 67128877 composite?
False
Is 9305969 a prime number?
True
Is 248741 a prime number?
False
Is 48175111 a prime number?
True
Is 326174545 prime?
False
Is 28840771 a prime number?
False
Is 17243319 composite?
True
Is 5277241 composite?
True
Is 161744729 a composite number?
True
Is 96519767 a prime number?
False
Is 642483839 a prime number?
False
Is 1186706 composite?
True
Is 333507329 composite?
True
Is 17325437 a prime number?
True
Is 3030229 composite?
False
Is 8967983 a prime number?
True
Is 431158493 composite?
False
Is 101986979 a prime number?
True
Is 1036966381 prime?
False
Is 1797947 composite?
False
Is 1070579 prime?
True
Is 566874895 prime?
False
Is 9712103 a composite number?
False
Is 278340429 a prime number?
False
Is 55124983 prime?
True
Is 37217813 a prime number?
True
Is 332617 a prime number?
True
Is 375371 composite?
False
Is 13258231 prime?
False
Is 24043906 prime?
False
Is 477157 composite?
True
Is 430067 composite?
True
Is 79106161 prime?
True
Is 240464311 composite?
False
Is 7307189 a composite number?
False
Is 395249 a composite number?
True
Is 5694259 a composite number?
False
Is 249440329 a prime number?
True
Is 958086917 prime?
False
Is 952873 a composite number?
False
Is 3545957 a composite number?
False
Is 154723363 a prime number?
True
Is 11693389 a prime number?
True
Is 7933813 prime?
True
Is 2362641 a prime number?
False
Is 2126933 composite?
False
Is 1547887 a composite number?
True
Is 10165087 composite?
False
Is 11213009 prime?
False
Is 395207101 a prime number?
False
Is 55194637 composite?
True
Is 1490686 composite?
True
Is 181022767 prime?
True
Is 5432039 prime?
True
Is 2908651 a prime number?
True
Is 48543893 prime?
False
Is 4378601 prime?
False
Is 7457081 a composite number?
True
Is 132804299 prime?
True
Is 39148247 prime?
True
Is 631619453 a composite number?
True
Is 21176185 a composite number?
True
Is 33673 a composite number?
True
Is 8042521 composite?
False
Is 19085317 a prime number?
True
Is 135637 composite?
False
Is 42266533 composite?
False
Is 78959 a composite number?
True
Is 12838547 prime?
False
Is 703129 a prime number?
False
Is 3016297 a prime number?
False
Is 1601759 prime?
False
Is 12742399 a composite number?
False
Is 24954689 prime?
False
Is 5205439 a composite number?
True
Is 1645409 composite?
False
Is 88683269 a prime number?
False
Is 107492423 a composite number?
True
Is 1041262 prime?
False
Is 959323 composite?
False
Is 8776121 a prime number?
True
Is 5263541 prime?
True
Is 1422857 a composite number?
False
Is 70754501 a composite number?
False
Is 26564053 prime?
True
Is 28611911 a prime number?
True
Is 1323041 composite?
False
Is 208969 prime?
False
Is 105358007 a prime number?
True
Is 371876081 composite?
False
Is 14207261 a composite number?
True
Is 128107 composite?
True
Is 17528801 prime?
True
Is 1284298 composite?
True
Is 1411591 a composite number?
True
Is 2736257 composite?
False
Is 1016627 prime?
False
Is 10807301 composite?
True
Is 19265153 prime?
True
Is 296473 prime?
True
Is 61016593 prime?
False
Is 8051279 prime?
True
Is 60651137 composite?
False
Is 6138797 a composite number?
True
Is 40580209 a composite number?
True
Is 1754329 a prime number?
False
Is 835691 prime?
False
Is 9654169 prime?
False
Is 88216369 a composite number?
True
Is 3595447 a prime number?
False
Is 2408711 prime?
False
Is 79531063 a composite number?
True
Is 291375671 prime?
True
Is 31537599 prime?
False
Is 15225817 prime?
False
Is 39678937 prime?
True
Is 101118835 a composite number?
True
Is 2366383 a composite number?
True
Is 33800474 composite?
True
Is 10409911 composite?
False
Is 5020633 a prime number?
False
Is 62773411 composite?
False
Is 29518079 composite?
False
Is 526032939 a prime number?
False
Is 73561541 prime?
True
Is 20918363 a prime number?
True
Is 569797 a composite number?
False
Is 18456857 composite?
False
Is 5848361 prime?
True
Is 572092739 a composite number?
False
Is 108288473 composite?
True
Is 534199 prime?
True
Is 249739723 a prime number?
True
Is 34578793 composite?
True
Is 27205769 a prime number?
True
Is 559828363 composite?
False
Is 362745137 a prime number?
False
Is 261171385 prime?
False
Is 12917717 a composite nu